ousands digit of 206781393?
8
What is the hundred thousands digit of 191836460?
8
What is the ten thousands digit of 43045594?
4
What is the hundred thousands digit of 1302626788?
6
What is the thousands digit of 456867409?
7
What is the hundred thousands digit of 1608078368?
0
What is the ten thousands digit of 66069516?
6
What is the ten thousands digit of 954761533?
6
What is the hundred thousands digit of 3397891011?
8
What is the hundreds digit of 449701342?
3
What is the millions digit of 329090045?
9
What is the tens digit of 67423535?
3
What is the hundreds digit of 3019492?
4
What is the thousands digit of 4177954?
7
What is the millions digit of 2459933674?
9
What is the units digit of 836819700?
0
What is the tens digit of 90095017?
1
What is the units digit of 117643781?
1
What is the tens digit of 461092164?
6
What is the units digit of 238995332?
2
What is the hundreds digit of 156249292?
2
What is the hundred millions digit of 191671144?
1
What is the tens digit of 34024401?
0
What is the tens digit of 15117927?
2
What is the billions digit of 3825484539?
3
What is the ten thousands digit of 235928860?
2
What is the hundreds digit of 30409219?
2
What is the millions digit of 11143541?
1
What is the millions digit of 50293376?
0
What is the billions digit of 1603704149?
1
What is the ten millions digit of 242584924?
4
What is the ten thousands digit of 155770145?
7
What is the units digit of 59389175?
5
What is the tens digit of 462781884?
8
What is the millions digit of 514696593?
4
What is the millions digit of 97451296?
7
What is the ten millions digit of 1239383366?
3
What is the hundred millions digit of 3796201759?
7
What is the ten thousands digit of 46460869?
6
What is the tens digit of 247874381?
8
What is the ten millions digit of 364154413?
6
What is the units digit of 147387300?
0
What is the hundred thousands digit of 2562518763?
5
What is the thousands digit of 124845765?
5
What is the tens digit of 62650423?
2
What is the ten thousands digit of 352166925?
6
What is the tens digit of 32304673?
7
What is the units digit of 3024060550?
0
What is the tens digit of 9471662?
6
What is the units digit of 36742685?
5
What is the hundreds digit of 114738775?
7
What is the ten thousands digit of 460884611?
8
What is the thousands digit of 69419946?
9
What is the hundreds digit of 2194333783?
7
What is the millions digit of 43407652?
3
What is the thousands digit of 264638030?
8
What is the thousands digit of 1553020133?
0
What is the units digit of 1721330778?
8
What is the units digit of 32359004?
4
What is the ten thousands digit of 217705208?
0
What is the thousands digit of 186805619?
5
What is the ten thousands digit of 1174559776?
5
What is the hundred thousands digit of 125571962?
5
What is the hundred millions digit of 199807966?
1
What is the units digit of 1886561354?
4
What is the hundreds digit of 752787489?
4
What is the hundreds digit of 248157164?
1
What is the ten millions digit of 10213745?
1
What is the tens digit of 175465858?
5
What is the ten millions digit of 56327074?
5
What is the ten millions digit of 1724747004?
2
What is the ten millions digit of 334792455?
3
What is the hundred thousands digit of 34299428?
2
What is the hundred thousands digit of 88385055?
3
What is the billions digit of 2851542523?
2
What is the ten thousands digit of 1462145998?
4
What is the thousands digit of 36276193?
6
What is the tens digit of 119955604?
0
What is the hundred thousands digit of 5657568?
6
What is the hundred thousands digit of 477237125?
2
What is the billions digit of 4444636050?
4
What is the units digit of 405697093?
3
What is the thousands digit of 276442731?
2
What is the millions digit of 367894273?
7
What is the hundred thousands digit of 66257366?
2
What is the ten millions digit of 26578630?
2
What is the millions digit of 121225725?
1
What is the tens digit of 337958651?
5
What is the hundred thousands digit of 29103613?
1
What is the units digit of 74968421?
1
What is the units digit of 215632470?
0
What is the tens digit of 48938302?
0
What is the units digit of 119236762?
2
What is the tens digit of 379059200?
0
What is the ten millions digit of 10534968?
1
What is the millions digit of 1263087251?
3
What is the tens digit of 872798531?
3
What is the hundred thousands digit of 5272168?
2
What is the ten millions digit of 216631742?
1
What is the hundreds digit of 250372775?
7
What is the ten millions digit of 410452320?
1
What is the ten thousands digit of 341831048?
3
What is the hundreds digit of 1819937276?
2
What is the units digit of 1004775392?
2
What is the units digit of 69280780?
0
What is the tens digit of 4710721785?
8
What is the tens digit of 173676951?
5
What is the units digit of 1167818561?
1
What is the ten thousands digit of 1312935332?
3
What is the thousands digit of 1175146105?
6
What is the ten thousands digit of 126194470?
9
What is the millions digit of 4059696?
4
What is the ten thousands digit of 55733168?
3
What is the hundreds digit of 641346268?
2
What is the units digit of 3179738300?
0
What is the hundred millions digit of 2848160558?
8
What is the ten millions digit of 77810789?
7
What is the hundred thousands digit of 196913578?
9
What is the units digit of 131788017?
7
What is the hundreds digit of 292769609?
6
What is the hundred millions digit of 304328464?
3
What is the hundred millions digit of 147238985?
1
What is the hundred millions digit of 1563174770?
5
What is the hundreds digit of 165177816?
8
What is the thousands digit of 42755446?
5
What is the units digit of 392462281?
1
What is the ten thousands digit of 192220627?
2
What is the hundred thousands digit of 118200285?
2
What is the hundred thousands digit of 105981126?
9
What is the ten thousands digit of 847427552?
2
What is the thousands digit of 78096553?
6
What is the hundred thousands digit of 136925946?
9
What is the hundred thousands digit of 55189497?
1
What is the hundreds digit of 29501468?
4
What is the billions digit of 5742854099?
5
What is the hundred millions digit of 123474694?
1
What is the hundred thousands digit of 173470185?
4
What is the tens digit of 4792996335?
3
What is the millions digit of 1081024300?
1
What is the thousands digit of 2171721337?
1
What is the thousands digit of 356856373?
6
What is the thousands digit of 563764641?
4
What is the hundreds digit of 24880154?
1
What is the ten millions digit of 55488935?
5
What is the hundreds digit of 259986990?
9
What is the units digit of 75384821?
1
What is the hundred millions digit of 259860856?
2
What is the units digit of 30737069?
9
What is the units digit of 104185749?
9
What is the units digit of 29707016?
6
What is the ten millions digit of 31645934?
3
What is the thousands digit of 923465605?
5
What is the hundreds digit of 74974410?
4
What is the millions digit of 1403926?
1
What is the ten millions digit of 73430421?
7
What is the tens digit of 384900193?
9
What is the ten thousands digit of 414600491?
0
What is the tens digit of 7716269?
6
What is the tens digit of 1639020319?
1
What is the ten millions digit of 97370268?
9
What is the millions digit of 293923994?
3
What is the hundreds digit of 4819554280?
2
What is the ten thousands digit of 78915141?
1
What is the hundred thousands digit of 2768995925?
9
What is the ten thousands digit of 1273741470?
4
What is the tens digit of 709738497?
9
What is the thousands digit of 2498540562?
0
What is the thousands digit of 127861013?
1
What is the ten millions digit of 794262032?
9
What is the units digit of 4914397100?
0
What is the thousands digit of 204168010?
8
What is the millions digit of 1240731936?
0
What is the tens digit of 105407591?
9
What is the units digit of 205687856?
6
What is the ten millions digit of 47280520?
4
What is the hundred thousands digit of 231705911?
7
What is the hundred thousands digit of 1658888821?
8
What is the ten thousands digit of 793976455?
7
What is the ten millions digit of 21003961?
2
What is the ten thousands digit of 70630191?
3
What is the billions digit of 1250084452?
1
What is the units digit of 109254584?
4
What is the millions digit of 82137905?
2
What is the hundred millions digit of 451899432?
4
What is the t